ist the prime factors of 519431.
11, 47221
What are the prime factors of 4570318?
2, 2285159
What are the prime factors of 15031200?
2, 3, 5, 6263
List the prime factors of 26426.
2, 73, 181
List the prime factors of 7755.
3, 5, 11, 47
List the prime factors of 14771925.
3, 5, 7, 83, 113
List the prime factors of 716698.
2, 358349
What are the prime factors of 328569?
3, 31, 3533
What are the prime factors of 518120?
2, 5, 12953
List the prime factors of 6092.
2, 1523
What are the prime factors of 1136188?
2, 479, 593
What are the prime factors of 983738?
2, 7, 29, 2423
List the prime factors of 10609697.
7, 1515671
List the prime factors of 121396.
2, 11, 31, 89
What are the prime factors of 1622657?
19, 41, 2083
List the prime factors of 115108.
2, 7, 4111
What are the prime factors of 320650?
2, 5, 11, 53
List the prime factors of 1352712.
2, 3, 157, 359
What are the prime factors of 827118?
2, 3, 17, 53
List the prime factors of 5572.
2, 7, 199
List the prime factors of 500885.
5, 7, 11, 1301
What are the prime factors of 5460309?
3, 31, 19571
List the prime factors of 1274776.
2, 159347
What are the prime factors of 1320109?
7, 29, 929
What are the prime factors of 27051661?
7, 13, 1759
What are the prime factors of 1196770?
2, 5, 119677
List the prime factors of 954304.
2, 13, 31, 37
What are the prime factors of 1318307?
73, 18059
List the prime factors of 8110080.
2, 3, 5, 11
List the prime factors of 866665.
5, 29, 43, 139
What are the prime factors of 29086753?
41, 709433
What are the prime factors of 7138336?
2, 37, 6029
List the prime factors of 5660781.
3, 7, 269561
List the prime factors of 288772.
2, 11, 6563
List the prime factors of 16278602.
2, 8139301
What are the prime factors of 1359626?
2, 17, 39989
What are the prime factors of 16709944?
2, 487, 4289
List the prime factors of 5829533.
5829533
What are the prime factors of 366843?
3, 17, 7193
List the prime factors of 518085.
3, 5, 29, 397
List the prime factors of 283048.
2, 35381
What are the prime factors of 143472?
2, 3, 7, 61
What are the prime factors of 188731?
79, 2389
What are the prime factors of 10228636?
2, 11, 31, 7499
List the prime factors of 714771.
3, 23, 1151
What are the prime factors of 25626291?
3, 1471, 5807
List the prime factors of 6290897.
619, 10163
List the prime factors of 20998956.
2, 3, 11, 257, 619
What are the prime factors of 2053121?
7, 19, 43, 359
What are the prime factors of 211758?
2, 3, 29, 1217
List the prime factors of 2896779.
3, 569, 1697
What are the prime factors of 160884?
2, 3, 41, 109
List the prime factors of 8149184.
2, 127331
What are the prime factors of 55072?
2, 1721
List the prime factors of 25941485.
5, 5188297
What are the prime factors of 783839?
7, 111977
What are the prime factors of 297971?
297971
What are the prime factors of 181846?
2, 7, 31, 419
What are the prime factors of 834485?
5, 47, 53, 67
What are the prime factors of 5253260?
2, 5, 31, 37, 229
What are the prime factors of 254632?
2, 7, 4547
List the prime factors of 6359017.
7, 23, 127, 311
List the prime factors of 10787022.
2, 3, 19, 31541
List the prime factors of 1861736.
2, 31, 7507
What are the prime factors of 21986016?
2, 3, 13, 79, 223
List the prime factors of 52250.
2, 5, 11, 19
List the prime factors of 34128233.
34128233
List the prime factors of 2038928.
2, 19, 353
What are the prime factors of 4954283?
569, 8707
List the prime factors of 3669913.
13, 197, 1433
What are the prime factors of 1876814?
2, 71, 13217
List the prime factors of 4537879.
557, 8147
What are the prime factors of 551829?
3, 183943
List the prime factors of 15849488.
2, 990593
What are the prime factors of 79045?
5, 15809
List the prime factors of 32028599.
61, 191, 2749
List the prime factors of 2862142.
2, 1431071
List the prime factors of 11682.
2, 3, 11, 59
List the prime factors of 11860583.
7, 1694369
What are the prime factors of 2356810?
2, 5, 23, 10247
What are the prime factors of 328635?
3, 5, 67, 109
What are the prime factors of 9591533?
7, 1370219
List the prime factors of 672661.
11, 61151
List the prime factors of 217465.
5, 23, 31, 61
List the prime factors of 49009.
49009
What are the prime factors of 2691348?
2, 3, 11, 20389
What are the prime factors of 10633894?
2, 29, 183343
What are the prime factors of 1026718?
2, 7, 11, 59, 113
List the prime factors of 1122357.
3, 17, 59, 373
List the prime factors of 815814.
2, 3, 61, 743
List the prime factors of 69367.
71, 977
What are the prime factors of 204633?
3, 11, 13, 53
What are the prime factors of 133688?
2, 17, 983
What are the prime factors of 12689494?
2, 6344747
List the prime factors of 12459360.
2, 3, 5, 101, 257
List the prime factors of 487206.
2, 3, 27067
List the prime factors of 240176.
2, 17, 883
List the prime factors of 22096181.
22096181
List the prime factors of 240670.
2, 5, 41, 587
List the prime factors of 427034.
2, 149, 1433
What are the prime factors of 832468?
2, 7, 13, 2287
List the prime factors of 862890.
2, 3, 5, 7, 587
List the prime factors of 1379814.
2, 3, 41, 71, 79
List the prime factors of 391271.
521, 751
What are the prime factors of 354101?
11, 32191
What are the prime factors of 753817?
67, 11251
List the prime factors of 208374.
2, 3, 34729
List the prime factors of 2511336.
2, 3, 104639
List the prime factors of 4069236.
2, 3, 339103
List the prime factors of 138840.
2, 3, 5, 13, 89
List the prime factors of 13784218.
2, 7, 984587
What are the prime factors of 3867670?
2, 5, 17, 22751
List the prime factors of 602940.
2, 3, 5, 13, 773
List the prime factors of 1751906.
2, 13, 43, 1567
List the prime factors of 330953.
7, 47279
What are the prime factors of 260402?
2, 130201
List the prime factors of 587208.
2, 3, 43, 569
List the prime factors of 168410.
2, 5, 11, 1531
What are the prime factors of 13637507?
13, 1049039
What are the prime factors of 463524?
2, 3, 19, 107
What are the prime factors of 5825558?
2, 2912779
List the prime factors of 6735483.
3, 748387
What are the prime factors of 17793648?
2, 3, 41189
What are the prime factors of 160301?
31, 5171
List the prime factors of 979008.
2, 3, 5099
What are the prime factors of 651056?
2, 7, 5813
List the prime factors of 232786.
2, 239, 487
What are the prime factors of 1886693?
1886693
List the prime factors of 225992.
2, 13, 41, 53
What are the prime factors of 3032482?
2, 31, 59, 829
What are the prime factors of 66480?
2, 3, 5, 277
List the prime factors of 266853.
3, 88951
What are the prime factors of 3872571?
3, 1290857
List the prime factors of 6605604.
2, 3, 31, 1973
What are the prime factors of 6033648?
2, 3, 337, 373
What are the prime factors of 10092584?
2, 23, 54851
What are the prime factors of 3782219?
7, 397, 1361
List the prime factors of 305878.
2, 152939
List the prime factors of 3666040.
2, 5, 7, 13093
List the prime factors of 15880786.
2, 7940393
List the prime factors of 178251.
3, 59417
List the prime factors of 478945.
5, 95789
What are the prime factors of 101947?
97, 1051
List the prime factors of 15758742.
2, 3, 2626457
What are the prime factors of 182699?
11, 17, 977
What are the prime factors of 2025435?
3, 5, 135029
What are the prime factors of 2083488?
2, 3, 11, 1973
List the prime factors of 29942608.
2, 1871413
List the prime factors of 1773395.
5, 13, 27283
List the prime factors of 4059154.
2, 11, 307, 601
What are the prime factors of 89105?
5, 71, 251
List the prime factors of 1868318.
2, 934159
List the prime factors of 129017.
7, 2633
What are the prime factors of 162816?
2, 3, 53
What are the prime factors of 11202833?
43, 61, 4271
List the prime factors of 741617.
29, 107, 239
List the prime factors of 199069.
13, 15313
List the prime factors of 398394.
2, 3, 22133
What are the prime factors of 51814?
2, 7, 3701
List the prime factors of 1550017.
7, 4519
List the prime factors of 7511364.
2, 3, 7, 41, 727
What are the prime factors of 4002687?
3, 13, 34211
What are the prime factors of 24660212?
2, 6165053
List the prime factors of 7701576.
2, 3, 320899
What are the prime factors of 10273503?
3, 359, 9539
List the prime factors of 7377637.
47, 156971
List the prime factors of 8114915.
5, 439, 3697
What are the prime factors of 229654?
2, 114827
